 -26*o - 100. Give v(-5).
30
Let s(u) = u**2 - 6*u + 7. Give s(6).
7
Let s(b) = -2*b**2 - 4*b - 2. What is s(-4)?
-18
Let b(u) = -u**3 - 3*u**2 - 5*u - 5. What is b(-2)?
1
Let i(o) = -o**3 + 12*o**2 - 28*o + 7. Calculate i(9).
-2
Let a(j) = -j**3 + 20*j**2 - j + 20. Calculate a(20).
0
Let h(l) = -17*l**2. Give h(-1).
-17
Let y(d) = -4*d + 9. Calculate y(4).
-7
Let g(i) = i**2 + 32*i - 36. Calculate g(-33).
-3
Let w(r) = -20*r - 83. Give w(-4).
-3
Let f(d) = -d**2 + 3*d - 7. Determine f(5).
-17
Let i(q) = -q**3 - 4*q**2 + 5*q + 1. Calculate i(-5).
1
Let i(q) = q**2 - 4*q - 57. Determine i(9).
-12
Let i(d) = d**3 + 4*d**2 + 7*d + 13. Determine i(-3).
1
Let t(f) = 5*f - 12. Give t(12).
48
Let c(w) = -4*w - 3. Calculate c(-4).
13
Let m(h) = 4*h - 28. Calculate m(3).
-16
Let n(a) = 3*a**2 - 3*a + 2. Calculate n(2).
8
Let x(r) = -3*r + 2. What is x(10)?
-28
Let r(d) = -d**3 + 5*d**2 + 11. Calculate r(5).
11
Let r(t) = t**3 + 9*t**2 + 9*t + 9. Calculate r(-7).
44
Let k(i) = 5*i + 2. Determine k(10).
52
Let l(j) = -2*j**3 - 45*j**2 + 22*j - 6. Give l(-23).
17
Let q(b) = b**3 + 9*b**2 + 7*b + 15. Determine q(-8).
23
Let z(g) = -62*g + 3. Give z(-1).
65
Let q(n) = 2*n + 13. Calculate q(3).
19
Let d(t) = t - 12. Calculate d(3).
-9
Let f(w) = -w - 12. Determine f(-12).
0
Let y(f) = -12*f + 98. Give y(8).
2
Let n(r) = 9*r - 4. Calculate n(-2).
-22
Let i(t) = -18*t + 53. Give i(3).
-1
Let c(j) = j**2 - 8*j - 1. What is c(-7)?
104
Let q(v) = 3*v + 79. What is q(-24)?
7
Let g(n) = n**2 - 8*n + 21. What is g(6)?
9
Let t(i) = -5*i**3 - 2*i**2 + 2*i + 3. Calculate t(2).
-41
Let f(q) = -q**2 - 7*q + 23. Calculate f(-7).
23
Let p(j) = -7*j**2 - 8*j + 31. Calculate p(3).
-56
Let t(a) = -a**2 + 2*a - 11. Give t(0).
-11
Let v(d) = 4*d + 18. Determine v(-10).
-22
Let p(m) = -2*m**2 - 31*m - 60. Give p(-13).
5
Let f(m) = -20*m + 33. Give f(1).
13
Let r(z) = -5*z + 6. What is r(-6)?
36
Let u(v) = 2*v**3 - 2*v**2 - 2*v - 4. Calculate u(3).
26
Let n(l) = -25*l**2 + l + 1. Determine n(-1).
-25
Let q(x) = x**2 - 9*x + 16. Calculate q(3).
-2
Let w(v) = v**3 - v**2 + v - 2. What is w(3)?
19
Let d(v) = -v**2 + 15*v + 16. Calculate d(18).
-38
Let t(i) = -29*i**3 - i**2. What is t(1)?
-30
Let d(x) = x**3 + x + 3. Give d(-2).
-7
Let h(o) = -7*o - 3. Calculate h(-2).
11
Let f(p) = -p**3 + 30*p**2 + 4*p - 116. Calculate f(30).
4
Let h(b) = -b**2 - 11*b + 10. What is h(-12)?
-2
Let w(k) = -k**3 - 15*k**2 - 13*k - 28. What is w(-14)?
-42
Let r(q) = q**2 - 6*q + 6. What is r(5)?
1
Let a(g) = -8*g - 128. What is a(-15)?
-8
Let h(l) = -l**3 + 8*l**2 + 59*l - 455. What is h(7)?
7
Let f(n) = 14*n + 10. Determine f(-1).
-4
Let b(o) = -o**2 + 3*o + 6. Calculate b(9).
-48
Let a(g) = g - 1. Calculate a(5).
4
Let c(k) = -k**3 - 8*k**2 - k + 34. Determine c(-7).
-8
Let l(s) = -4*s**2 + 8*s + 6. Give l(4).
-26
Let x(y) = y + 6. Determine x(12).
18
Let o(d) = -d**3 + 6*d**2 - d - 11. Determine o(5).
9
Let f(t) = -t**3 - 7*t**2 - 7*t + 1. What is f(-5)?
-14
Let k(f) = f**3 - 9*f**2 - 5*f + 6. Give k(9).
-39
Let r(i) = -2*i**2 - 5*i - 4. Determine r(-4).
-16
Let f(h) = -h**3 + 3*h**2 + 2. Determine f(3).
2
Let b(o) = -o**3 + 7*o**2 - 8*o + 3. Calculate b(5).
13
Let t(c) = -3*c + 1. Determine t(5).
-14
Let j(v) = -v - 14. Determine j(-14).
0
Let y(j) = 3*j**3 - 3*j**2 + 2*j + 1. Give y(3).
61
Let x(c) = 10*c + 245. What is x(-24)?
5
Let i(j) = -15*j + 201. Give i(13).
6
Let d(z) = 19*z + 4. Calculate d(-3).
-53
Let y(o) = o**2 - 9*o + 7. What is y(11)?
29
Let p(x) = -x**3 - 4*x**2 - 9*x - 1. Determine p(-2).
9
Let l(a) = -a**3 - 4*a**2 + 8*a + 7. Calculate l(-5).
-8
Let m(a) = a - 36. Determine m(27).
-9
Let z(w) = -2*w - 18. Give z(-12).
6
Let j(u) = 6*u - 81. Give j(11).
-15
Let m(f) = -f - 12. What is m(-7)?
-5
Let o(m) = 2*m + 10. Give o(7).
24
Let r(v) = v**2 - 6*v - 3. Determine r(4).
-11
Let k(b) = b**3 + 6*b**2 - 4*b + 7. What is k(-7)?
-14
Let q(a) = -8*a - 6. What is q(-9)?
66
Let q(p) = p**3 + 2*p**2 - p + 7. Give q(-3).
1
Let c(p) = -p + 43. Calculate c(5).
38
Let q(l) = 3*l**2 - 2*l + 3. Determine q(1).
4
Let n(h) = -2*h**2 + 52*h - 18. Determine n(26).
-18
Let h(o) = 5*o**3 + 3*o**2 + 3*o - 5. Determine h(1).
6
Let r(c) = -2*c**2 + 12*c - 35. Determine r(5).
-25
Let q(l) = -l**3 + 4*l**2 - 2*l - 12. Calculate q(3).
-9
Let i(t) = 144*t**3 + t**2 + t. What is i(-1)?
-144
Let a(v) = -10*v + 40. Calculate a(4).
0
Let s(c) = c - 15. Calculate s(-8).
-23
Let q(m) = m**3 - 7*m**2 + m - 9. Give q(7).
-2
Let y(x) = -x**3 - 2*x**2 + 5*x + 13. Determine y(-3).
7
Let w(n) = 7*n - 134. Determine w(16).
-22
Let f(x) = -3*x - 2. Calculate f(2).
-8
Let g(i) = -i**3 - 14*i**2 + 45*i - 97. Calculate g(-17).
5
Let z(q) = -3*q**2 + 6*q - 6. Give z(3).
-15
Let y(v) = -v**3 - 32*v**2 - 31*v + 6. Calculate y(-31).
6
Let c(p) = p + 2. Give c(4).
6
Let o(f) = -f**3 - 6*f**2 + 2*f + 3. What is o(-5)?
-32
Let d(g) = g + 2. Give d(8).
10
Let p(r) = 14*r + 1. Give p(-1).
-13
Let j(h) = 10*h + 2. Give j(-3).
-28
Let g(n) = 8*n + 8. Give g(0).
8
Let l(q) = -48*q - 570. Give l(-12).
6
Let l(q) = -q**2 + 2*q + 3. What is l(4)?
-5
Let l(y) = y**3 - 6*y**2 + 6*y - 4. Determine l(5).
1
Let d(j) = j**2 - 10*j - 32. What is d(11)?
-21
Let g(u) = -17*u + 387. Give g(23).
-4
Let o(c) = -2*c**2 - 8*c - 23. Calculate o(-3).
-17
Let m(i) = -3*i + 17. What is m(12)?
-19
Let o(z) = 2*z**3 - 3*z**2 + 2*z + 2. Determine o(2).
10
Let l(z) = -2*z**3 - 8*z**2 + 3*z + 13. Calculate l(-6).
139
Let z(w) = 22*w + 85. Give z(-4).
-3
Let g(z) = z + 84. Determine g(-6).
78
Let y(t) = 2*t**3 + 14*t**2 - 24*t - 61. Determine y(-8).
3
Let k(s) = 2*s + 2. Calculate k(-14).
-26
Let i(f) = -5*f - 100. Determine i(-21).
5
Let k(v) = -v**3 + 9*v**2 - 9*v - 3. Determine k(8).
-11
Let f(g) = -14*g - 218. Determine f(-15).
-8
Let l(i) = -i - 9. Determine l(-8).
-1
Let i(x) = 33*x**3 - x - 1. Calculate i(-1).
-33
Let c(f) = f**3 - 3*f + 7. What is c(2)?
9
Let j(d) = -d**3 + 2*d**2 + 14*d. What is j(5)?
-5
Let p(j) = j**3 - 4*j**2 + 2*j + 2. Calculate p(5).
37
Let o(h) = 2*h**3 + 5*h**2 + 2*h - 4. Give o(-3).
-19
Let u(p) = -2*p - 27. What is u(-20)?
13
Let y(f) = f**3 + 17*f**2 - 19*f - 26. Give y(-18).
-8
Let c(z) = z**3 - 6*z**2 + 6*z - 17. Determine c(7).
74
Let a(j) = -j**3 + 8*j**2 - 7*j + 2. Calculate a(7).
2
Let p(q) = -q**3 - q**2 + q + 2. Give p(4).
-74
Let c(r) = r**3 - 4*r**2 + 3*r + 3. Calculate c(3).
3
Let k(r) = 38*r + 135. Determine k(-4).
-17
Let z(m) = -m + 41. Calculate z(9).
32
Let q(h) = -3*h**2 + 4*h - 1. Give q(1).
0
Let c(g) = -3*g - 17. Determine c(-15).
28
Let j(f) = -f**3 + 9*f**2 + 2*f - 9. Give j(9).
9
Let u(g) = 4*g - 23. Give u(13).
29
Let f(h) = h**3 - h**2 - h - 1. Determine f(2).
1
Let y(h) = -h**2 + 8*h - 1. Calculate y(8).
-1
Let b(l) = -l**3 + 2*l**2 + l + 7. Give b(3).
1
Let o(b) = 23*b + 258. What is o(-11)?
5
Let f(z) = z - 33. Calculate f(23).
-10
Let g(q) = q**2 + 8*q - 30. Give g(-11).
3
Let l(r) = 10*r - 1. Give l(-1).
-11
Let d(s) = -s**3 - 11*s**2 + 12*s + 7. Calculate d(-12).
7
Let u(y) = 52*y - 3. Determine u(0).
-3
Let j(c) = c**2 - 12*c + 14. What is j(11)?
3
Let i(k) = -4*k - 39. Determine i(-7).
-11
Let y(g) = -2*g**2 - 20*g + 2. Give y(-11).
-20
Let h(k) = k**3 + 5*k**2 - k + 10. Give h(0).
10
Let d(i) = i**3 + 5*i**2 - 3*i - 4. Determine d(-6).
-22
Let p(t) = t**2 + 29*t - 45. Calculate p(-29).
-45
Let c(m) = -m**3 + 5*m**2 + 7*m - 9. What is c(6)?
-3
Let o(i) = 7*i + 1. What is o(-1)?
-6
Let c(v) = -16*v + 182. Determine c(12).
-10
Let u(g) = -g**3 - 22*g**2 + 20*g - 89. Calculate u(-23).
-20
Let w(a) = -2*a**3 - 3*a**2 + 7*a - 13. Determine w(2).
-27
Let h(l) = 2*l - 4. Determine h(2).
0
Let i(r) = r**2 - 11*r + 16. Determine i(10).
6
Let k(v) = -2*v + 2. Give k(8).
-14
Let i(k) = -9*k**2 - 3*k - 7. Give i(-3).
-79
Let f(i) = -i**3 - 7*i**2 - 7*i - 8. What is f(-6)?
-2
Let j(x) = -5*x**3 + 2*x**2 - x + 1. Determine j(-2).
51
Let t(d) = -d - 13. What is t(-8)?
-5
Let c(j) = j**2 + 6*j - 4. Calculate c(1).
3
Let b(k) = -3*k + 13. Calculate b(3).
4
Let x(m) = 12*m**2 + 2*m + 1. Calculate x(-1).
11
Let g(v) = -2*v**2 + 24*v + 24. Determine g(13).
-2
Let s(n) = 3*n + 12. Give s(-20).
-48
Let x(i) = -i**3 - 11*i**2 + 27*i + 12. Give x(-13).
-1
Let b(x) = x**3 + 26*x**2 - 7*x - 38. Calculate b(-26).
1